he ten thousands digit of 28152?
2
What is the tens digit of 1781497?
9
What is the hundred thousands digit of 115232?
1
What is the hundred thousands digit of 320152?
3
What is the tens digit of 7945994?
9
What is the units digit of 7477?
7
What is the ten thousands digit of 857277?
5
What is the thousands digit of 809389?
9
What is the ten millions digit of 26115999?
2
What is the thousands digit of 2071?
2
What is the thousands digit of 1624157?
4
What is the hundred thousands digit of 164910?
1
What is the hundreds digit of 1354182?
1
What is the tens digit of 191382?
8
What is the units digit of 20248244?
4
What is the ten millions digit of 30779883?
3
What is the tens digit of 1875?
7
What is the hundred thousands digit of 579333?
5
What is the units digit of 313750?
0
What is the ten thousands digit of 9919291?
1
What is the thousands digit of 1946455?
6
What is the ten thousands digit of 4941306?
4
What is the thousands digit of 113704?
3
What is the units digit of 15838557?
7
What is the tens digit of 27895?
9
What is the millions digit of 6458766?
6
What is the tens digit of 1042748?
4
What is the thousands digit of 1898518?
8
What is the ten thousands digit of 118538?
1
What is the hundreds digit of 4000043?
0
What is the hundreds digit of 253745?
7
What is the hundreds digit of 7194798?
7
What is the millions digit of 1790147?
1
What is the hundred thousands digit of 1300870?
3
What is the thousands digit of 8605478?
5
What is the hundred thousands digit of 3798403?
7
What is the tens digit of 18964690?
9
What is the hundred thousands digit of 146120?
1
What is the hundred thousands digit of 850091?
8
What is the hundred thousands digit of 7830806?
8
What is the hundred thousands digit of 6234477?
2
What is the millions digit of 34180018?
4
What is the thousands digit of 1013941?
3
What is the thousands digit of 46947?
6
What is the thousands digit of 4364671?
4
What is the thousands digit of 1428626?
8
What is the thousands digit of 268100?
8
What is the hundred thousands digit of 3146138?
1
What is the units digit of 6270235?
5
What is the ten thousands digit of 9483202?
8
What is the hundreds digit of 3049353?
3
What is the tens digit of 195822?
2
What is the hundreds digit of 764633?
6
What is the ten thousands digit of 458951?
5
What is the ten thousands digit of 540959?
4
What is the ten thousands digit of 112441?
1
What is the ten thousands digit of 3663500?
6
What is the ten thousands digit of 492343?
9
What is the hundred thousands digit of 15763282?
7
What is the hundreds digit of 20666853?
8
What is the units digit of 1307257?
7
What is the tens digit of 78019?
1
What is the units digit of 4271248?
8
What is the thousands digit of 357009?
7
What is the thousands digit of 80241?
0
What is the tens digit of 1160840?
4
What is the ten thousands digit of 3567067?
6
What is the units digit of 392025?
5
What is the tens digit of 66393?
9
What is the tens digit of 698205?
0
What is the hundred thousands digit of 794802?
7
What is the hundred thousands digit of 225343?
2
What is the hundred thousands digit of 20842672?
8
What is the millions digit of 15766629?
5
What is the millions digit of 8488310?
8
What is the tens digit of 37358214?
1
What is the tens digit of 6812530?
3
What is the thousands digit of 1411109?
1
What is the hundred thousands digit of 357431?
3
What is the hundreds digit of 3835246?
2
What is the tens digit of 869640?
4
What is the thousands digit of 3922359?
2
What is the hundred thousands digit of 255944?
2
What is the hundreds digit of 581543?
5
What is the tens digit of 6031450?
5
What is the units digit of 435394?
4
What is the units digit of 4924697?
7
What is the millions digit of 2295280?
2
What is the tens digit of 323568?
6
What is the units digit of 163628?
8
What is the hundreds digit of 4625422?
4
What is the tens digit of 16282?
8
What is the thousands digit of 1063313?
3
What is the hundreds digit of 5963438?
4
What is the millions digit of 10601425?
0
What is the tens digit of 345614?
1
What is the hundreds digit of 347877?
8
What is the units digit of 32892744?
4
What is the hundred thousands digit of 366327?
3
What is the tens digit of 19772424?
2
What is the hundred thousands digit of 7481895?
4
What is the tens digit of 315944?
4
What is the millions digit of 1463351?
1
What is the thousands digit of 1204438?
4
What is the hundreds digit of 447432?
4
What is the thousands digit of 453740?
3
What is the hundreds digit of 364928?
9
What is the hundreds digit of 147988?
9
What is the hundred thousands digit of 9411729?
4
What is the millions digit of 6246068?
6
What is the hundred thousands digit of 25405649?
4
What is the tens digit of 2631163?
6
What is the hundreds digit of 131107?
1
What is the thousands digit of 2767382?
7
What is the tens digit of 17475?
7
What is the thousands digit of 14183719?
3
What is the tens digit of 576028?
2
What is the units digit of 3588520?
0
What is the hundreds digit of 465753?
7
What is the ten thousands digit of 288700?
8
What is the units digit of 147005?
5
What is the hundreds digit of 1513036?
0
What is the hundreds digit of 573136?
1
What is the thousands digit of 6744?
6
What is the units digit of 3580?
0
What is the hundreds digit of 1134402?
4
What is the thousands digit of 5109930?
9
What is the hundred thousands digit of 299878?
2
What is the thousands digit of 347898?
7
What is the units digit of 17930347?
7
What is the hundreds digit of 4627649?
6
What is the hundred thousands digit of 6933283?
9
What is the ten thousands digit of 540735?
4
What is the thousands digit of 21105487?
5
What is the ten thousands digit of 58370?
5
What is the ten thousands digit of 750425?
5
What is the millions digit of 19757876?
9
What is the thousands digit of 2132286?
2
What is the thousands digit of 4054321?
4
What is the tens digit of 175388?
8
What is the ten thousands digit of 1448587?
4
What is the thousands digit of 3535235?
5
What is the ten thousands digit of 3522524?
2
What is the hundreds digit of 1260735?
7
What is the units digit of 839381?
1
What is the ten thousands digit of 268339?
6
What is the hundred thousands digit of 370028?
3
What is the thousands digit of 205491?
5
What is the ten thousands digit of 8816273?
1
What is the units digit of 787646?
6
What is the units digit of 2498588?
8
What is the millions digit of 2546041?
2
What is the hundred thousands digit of 135250?
1
What is the hundred thousands digit of 731743?
7
What is the thousands digit of 93858?
3
What is the ten millions digit of 13206602?
1
What is the thousands digit of 13257425?
7
What is the hundred thousands digit of 481591?
4
What is the ten thousands digit of 1238640?
3
What is the ten thousands digit of 6931756?
3
What is the hundred thousands digit of 5295261?
2
What is the hundreds digit of 3547928?
9
What is the hundreds digit of 481246?
2
What is the ten thousands digit of 1259667?
5
What is the tens digit of 21890?
9
What is the ten thousands digit of 15484679?
8
What is the ten thousands digit of 5025829?
2
What is the millions digit of 1863918?
1
What is the tens digit of 2137591?
9
What is the tens digit of 16270908?
0
What is the thousands digit of 8216195?
6
What is the units digit of 399957?
7
What is the hundred thousands digit of 640624?
6
What is the hundred thousands digit of 922661?
9
What is the hundreds digit of 13478496?
4
What is the units digit of 2447753?
3
What is the hundred thousands digit of 31718393?
7
What is the ten thousands digit of 54939?
5
What is the hundreds digit of 25452266?
2
What is the millions digit of 2767149?
2
What is the ten thousands digit of 337967?
3
What is the hundreds digit of 2944594?
5
What is the tens digit of 178369?
6
What is the thousands digit of 502264?
2
What is the units digit of 843301?
1
What is the units digit of 15052753?
3
What is the ten thousands digit of 2272936?
7
What is the tens digit of 1380316?
1
What is the ten thousands digit of 676668?
7
What is the hundred thousands digit of 2284102?
2
What is the millions digit of 2844759?
2
What is the ten thousands digit of 28787?
2
What is the units digit of 3965077?
7
What is the hundred thousands digit of 217723?
2
What is the thousands digit of 4